{"id":2,"date":"2012-03-07T09:36:24","date_gmt":"2012-03-07T09:36:24","guid":{"rendered":"http:\/\/www.atelier-a3.pl\/spak\/?page_id=2"},"modified":"2025-11-25T19:07:31","modified_gmt":"2025-11-25T19:07:31","slug":"przykladowa-strona","status":"publish","type":"page","link":"https:\/\/www.spak.art.pl\/?page_id=2","title":{"rendered":"W\u0142adze"},"content":{"rendered":"<p><strong>Zarz\u0105d Stowarzyszenia Polskich Artyst\u00f3w Karykatury (kadencja 2025 \u2013 2028):<\/strong><\/p>\n<p>Prezes SPAK \u2013 Andrzej Graniak, mail: <a href=\"mailto:andrzej_graniak@o2.pl\">andrzej_graniak@o2.pl<\/a> tel. 505&nbsp;064 401<\/p>\n<p>Wiceprezes SPAK \u2013 Ryszard Druch tel. 788 408 885, mail: druchatelier@gmail.com&nbsp;<\/p>\n<p>Wiceprezes SPAK \u2013 Janusz Mrozowski, mail: <a href=\"mailto:mrozowskijanusz@wp.pl\">mrozowskijanusz@wp.pl<\/a> &nbsp;tel. 503&nbsp;777 420<\/p>\n<p>Skarbnik SPAK \u2013 Dariusz Pietrzak, mail:&nbsp;<a href=\"mailto:dariusz-pietrzak@wp.pl\">dariusz-pietrzak@wp.pl<\/a>&nbsp; tel. 600&nbsp;332 060<\/p>\n<p>Sekretarz SPAK \u2013 Zbigniew Piszczako, mail: <a href=\"mailto:zbp58@interia.pl\">zbp58@interia.pl<\/a> tel. 694&nbsp;712 745<\/p>\n<p><strong>&nbsp;<\/strong><\/p>\n<p><strong>Komisja Rewizyjna:<\/strong><\/p>\n<p>Przewodnicz\u0105cy Komisji Rewizyjnej SPAK \u2013 Tomasz Niewiadomski, mail:&nbsp;<a href=\"mailto:ratman@wp.pl\">ratman@wp.pl<\/a>&nbsp; tel. 502&nbsp;063 241<\/p>\n<p>Wiceprzewodnicz\u0105cy Komisji Rewizyjnej SPAK \u2013 S\u0142awomir Bednarski, mail.&nbsp;<a href=\"mailto:sbednarski@lycon.pl\">sbednarski@lycon.pl<\/a>&nbsp; tel. 731&nbsp;634 403<\/p>\n<p>Sekretarz Komisji Rewizyjnej SPAK \u2013 Robert D\u0105browski, mail:&nbsp;<a href=\"mailto:robstoo@o2.pl\">robstoo@o2.pl<\/a>&nbsp; tel.&nbsp;692&nbsp;179 023<\/p>\n<p><strong>&nbsp;<\/strong><\/p>\n<p><strong>S\u0105d Kole\u017ce\u0144ski:<\/strong><\/p>\n<p>Przewodnicz\u0105ca \u2013 Paulina Kopesty\u0144ska, mail:&nbsp;<a href=\"mailto:paulina.kopestynska@gmail.com\">paulina.kopestynska@gmail.com<\/a>&nbsp;&nbsp;&nbsp;tel. 516&nbsp;235 032<\/p>\n<p>Sekretarz S\u0105du Kole\u017ce\u0144skiego \u2013 Marek D\u0105browski, tel 662 091 365, mail: <a href=\"mailto:mad4@poczta.onet.pl\">mad4@poczta.onet.pl<\/a><\/p>\n<p>Cz\u0142onek S\u0105du Kole\u017ce\u0144skiego \u2013 Ireneusz Bieli\u0144ski, mail:&nbsp;<a href=\"mailto:renebielik3@gmail.com\">renebielik3@gmail.com<\/a>&nbsp; &nbsp;tel. 502&nbsp;955&nbsp;590<\/p>\n<p>&nbsp;<\/p>\n<p>Honorowi Prezesi SPAK:<\/p>\n<p>Dariusz \u0141ab\u0119dzki<\/p>\n<p>Jacek Frankowski<\/p>\n","protected":false},"excerpt":{"rendered":"<p>Zarz\u0105d Stowarzyszenia Polskich Artyst\u00f3w Karykatury (kadencja 2025 \u2013 2028): Prezes SPAK \u2013 Andrzej Graniak, mail: andrzej_graniak@o2.pl tel. 505&nbsp;064 401 Wiceprezes SPAK \u2013 Ryszard Druch tel. 788 408 885, mail: druchatelier@gmail.com&nbsp; Wiceprezes SPAK \u2013 Janusz Mrozowski, mail: mrozowskijanusz@wp.pl &nbsp;tel. 503&nbsp;777 420 Skarbnik SPAK \u2013 Dariusz Pietrzak, mail:&nbsp;dariusz-pietrzak@wp.pl&nbsp; tel. 600&nbsp;332 060 Sekretarz SPAK \u2013 Zbigniew Piszczako, mail: &hellip; <\/p>\n<p><a class=\"more-link btn\" href=\"https:\/\/www.spak.art.pl\/?page_id=2\">Kontynuuj czytanie<\/a><\/p>\n","protected":false},"author":1,"featured_media":0,"parent":0,"menu_order":0,"comment_status":"open","ping_status":"open","template":"","meta":{"ngg_post_thumbnail":0,"footnotes":""},"class_list":["post-2","page","type-page","status-publish","hentry","nodate","item-wrap"],"_links":{"self":[{"href":"https:\/\/www.spak.art.pl\/index.php?rest_route=\/wp\/v2\/pages\/2","targetHints":{"allow":["GET"]}}],"collection":[{"href":"https:\/\/www.spak.art.pl\/index.php?rest_route=\/wp\/v2\/pages"}],"about":[{"href":"https:\/\/www.spak.art.pl\/index.php?rest_route=\/wp\/v2\/types\/page"}],"author":[{"embeddable":true,"href":"https:\/\/www.spak.art.pl\/index.php?rest_route=\/wp\/v2\/users\/1"}],"replies":[{"embeddable":true,"href":"https:\/\/www.spak.art.pl\/index.php?rest_route=%2Fwp%2Fv2%2Fcomments&post=2"}],"version-history":[{"count":19,"href":"https:\/\/www.spak.art.pl\/index.php?rest_route=\/wp\/v2\/pages\/2\/revisions"}],"predecessor-version":[{"id":9035,"href":"https:\/\/www.spak.art.pl\/index.php?rest_route=\/wp\/v2\/pages\/2\/revisions\/9035"}],"wp:attachment":[{"href":"https:\/\/www.spak.art.pl\/index.php?rest_route=%2Fwp%2Fv2%2Fmedia&parent=2"}],"curies":[{"name":"wp","href":"https:\/\/api.w.org\/{rel}","templated":true}]}}